4).
-5
Let u(w) = w - 6. Suppose r - a - 2 = 0, 2*r + 2*a - 6*a = 8. Suppose 2*n - 12 + 2 = r. What is u(n)?
-1
Let p(f) = -3*f - 3. Let k be p(-3). Let x(s) = s**3 - 7*s**2 + 5*s + 5. Determine x(k).
-1
Let d = -53 - -59. Let z(p) = p**3 - 5*p**2 - 8*p + 2. Calculate z(d).
-10
Let w(z) = z**3 - 8*z**2 - z + 5. Let g(r) = -r**3 + r**2 - r - 1. Let u(h) = -2*g(h) - w(h). Let o be ((-3)/3)/(0 - 1). Let n = -6 + o. Give u(n).
7
Let a(b) = -b**3 + 4*b**2 - b - 1. Let g = 1 + 6. Suppose g*q - 20 = 2*q. Give a(q).
-5
Let r(g) = 2*g - 4. Let b be r(4). Suppose -4*a + 13 = 4*j - 11, 0 = 2*a - b. Let q(v) = v**3 - 4*v**2 - 3*v. What is q(j)?
-12
Let z(m) = m**3 - m - 2. Suppose 2*p - 5*p = 3. Let i be 1*((2 - 1) + 0). Let u = i - p. What is z(u)?
4
Let c(o) = o**3 - o**2 + o - 1. Let v be 3/(-33) + 8/88. What is c(v)?
-1
Let f = -11 - -12. Let k(t) = t - 3 - f + 2. What is k(5)?
3
Suppose 4*d - 5*h - 18 = -5, -5*h + 3 = 4*d. Let y(u) = 2*u**3 - 2*u**2 - u. Determine y(d).
6
Let z = 65 - 69. Let b(r) be the second derivative of -r**4/12 - r**3 - 2*r**2 - r. What is b(z)?
4
Let h(b) = b**3 + 6*b**2 - 2*b - 8. Let a be 1 + 3 - (4 + -4). Suppose a*d - 24 = 8*d. Determine h(d).
4
Let k(s) = 3*s + s**3 - 2*s + 6 + s**2 + 0 + 5*s**2. Determine k(-6).
0
Let x(m) be the second derivative of -m**6/360 - m**5/120 + m**4/6 + 2*m**3/3 + 10*m. Let r(y) be the second derivative of x(y). Give r(-4).
-8
Let m be (-8)/28 - 130/(-14). Suppose 0*s = -3*s + m. Let i(t) be the first derivative of -t**3/3 + 3*t**2/2 + t + 1. What is i(s)?
1
Let z be 36/(-21) - (-2)/(-7). Let i(s) be the first derivative of -s**4/4 - s**3/3 + 2*s**2 + 3*s + 1. What is i(z)?
-1
Let o(h) = -5*h**2 - 2*h + 1. Let v(j) = 4*j**2 + 2*j - 2. Let x(c) = 3*o(c) + 4*v(c). Determine x(-4).
3
Let o = -47 - -97/2. Let h(s) be the first derivative of -1/4*s**4 - 2/3*s**3 + 4 + 0*s + o*s**2. Determine h(-3).
0
Let h = -8 + 15. Let p(u) = 2*u - u + 0 + h - 3*u. Give p(5).
-3
Let k(j) = j**3 - 5*j**2 + 3*j + 4 + 6*j**2 + 0 + 3*j**2. Give k(-4).
-8
Let d(w) = -w**2 - 2*w - 3. Let c = -1 - -1. Suppose c = 6*q - q + 10. Determine d(q).
-3
Let r(w) = w**3 - 17*w**2 + w - 14. Let q be r(17). Let m(f) = -2*f + 2. Give m(q).
-4
Let h(l) be the second derivative of -l**4/12 - 2*l**3/3 + l**2/2 + 31*l. What is h(-3)?
4
Let c(g) = -15*g**3 - g - 1. Let u = -27 + 26. Determine c(u).
15
Let h = 6 + -4. Let c(r) = -r**2 + 4*r - 3. Let p(k) = -2*k**2 + 4*k - 3. Let o(g) = h*p(g) - 3*c(g). Calculate o(-6).
-9
Suppose q = v - 2, -2*q + v = 3 + 6. Let b(a) = a**3 + 7*a**2 - a. Determine b(q).
7
Let q(t) = -4*t + 17. Let h(y) = 3*y - 16. Let r(f) = 5*h(f) + 4*q(f). Give r(-6).
-6
Suppose 4 = -4*n - 0. Let r(t) = -15*t**2 + 2*t + 1. Let b(q) = q + 1. Let f(y) = -2*b(y) + r(y). Calculate f(n).
-16
Let s(f) = -6*f**3 - f**2 + f. Let g(b) = -b**3 - 5*b**2 - 4*b + 1. Let j be g(-4). What is s(j)?
-6
Let x(d) = 3 + 23*d - 3*d - 9*d - 5*d. Calculate x(-2).
-9
Let d(g) be the second derivative of -7*g**5/20 - g**4/12 + g**2/2 + 5*g. Let l(i) = -i**3 - 6*i**2 + 7*i - 1. Let h be l(-7). What is d(h)?
7
Let y(i) be the first derivative of -i**4/4 + i**3 - 3*i**2/2 - 2*i - 6. Let s be (-16)/(-6) - (-8)/24. What is y(s)?
-11
Suppose -6 = 5*b - 4*y, 2*y = -b - 2*y + 18. Let x(h) be the first derivative of -h + 1/2*h**2 + 1. Determine x(b).
1
Let r(n) = 9*n**3 - 8*n**2 + n - 13. Let j(x) = 4*x**3 - 4*x**2 + x - 6. Let o(s) = 7*j(s) - 3*r(s). What is o(2)?
-3
Suppose 26 = 3*i - 4*t, -5*t - 24 = 3*i - 5. Let u(g) = i*g**2 + 13 + 3 - 5*g - 14. What is u(3)?
5
Suppose 2*x - 5*p = -20, -3*x + 7*x + p = -18. Let y(g) = -g**2 - 5*g - 6. Let c(i) = -i**2 - 5*i - 7. Let o(z) = 5*c(z) - 6*y(z). Give o(x).
1
Suppose 2*a + 4*w - 24 = 0, 4*a + 0*w = 4*w. Let v(k) be the first derivative of k**4/4 - 4*k**3/3 - k**2 + 3*k + 2. Give v(a).
-5
Let t be 0/(-7 + 6/2). Let g(u) = u + 12. What is g(t)?
12
Let a(g) = -g**3 - 7*g**2 - 7*g - 4. Let j(b) = -17*b**2 - 1. Let o be j(-1). Let s = 3 - -9. Let r = o + s. Determine a(r).
2
Suppose 2*j + 6 = t, 2*t + 0 - 2 = 2*j. Suppose g - 12 = 3*g. Let u(i) = 7*i - 4. Let c(k) = 15*k - 9. Let y(z) = g*c(z) + 13*u(z). What is y(j)?
-3
Let t(x) be the third derivative of -x**6/120 - x**5/20 + x**4/6 - 5*x**3/6 + x**2. Let k(g) = g**2 - 5*g + 2. Let b be k(2). Give t(b).
-5
Let p(u) = -2*u + 1. Let f be 4 - (22/6 - 12/18). Give p(f).
-1
Let s(h) be the third derivative of -h**4/12 - h**3/3 + 2*h**2. Let c(g) = g**2 + 9*g - 7. Let t be c(-10). Calculate s(t).
-8
Let q(n) = n**2 - 7*n + 4. Let d be (-68)/(-7) + 30/105. Suppose -5*g = f - 0*g - 10, 0 = f + 4*g - 9. Let p = d - f. Calculate q(p).
-6
Let g(n) be the third derivative of -n**5/60 + n**4/8 - n**3/3 - 3*n**2. Let m(h) = -h + 2. Let d be m(-2). Suppose -i = d*i - 20. What is g(i)?
-6
Suppose 4*q - 8 = 6*q. Let i = -11 - -13. Let u(f) = f - 4 - 2 + 2 - i*f. What is u(q)?
0
Suppose -6*j - 20 = -2*a - j, 2*j + 14 = 2*a. Suppose a*w = 3*w. Let i(y) = y + 4. What is i(w)?
4
Let u(l) = 2*l**3 + 5*l**2 - 7*l + 14. Let z(d) = -3*d**3 - 8*d**2 + 11*d - 21. Let w(i) = 7*u(i) + 5*z(i). Let q(g) = 2*g. Let n be q(-3). Calculate w(n).
-7
Let g(o) = -3*o - 6. Let s be g(-3). Let f(k) = 2*k + 1. Determine f(s).
7
Let o be (-2)/6 - (-78)/18. Suppose 5*h + 3*j + 15 = 0, -2*j - 19 = o*h - j. Let g(w) = 2*w - 3*w + 2*w. Calculate g(h).
-6
Suppose -2*v = -j - 5*v + 2, 0 = v. Let w(r) = r**j - 2*r**3 + r**3 + 1 - r - 2*r**2 + 0*r. Calculate w(0).
1
Let u(x) = -x**2 - 7*x - 6. Let i(c) = c - 1. Let n(v) = v**2 + 2*v. Let k(j) = i(j) - n(j). Let m(p) = 6*k(p) - u(p). What is m(-1)?
-6
Let m(w) = w**3 - 6*w**2 - 4*w + 1. Let h(k) = -3*k**3 + 11*k**2 + 7*k - 2. Let r(x) = 2*h(x) + 5*m(x). Calculate r(-7).
-6
Let d(v) be the third derivative of 0*v**3 + 0 + 1/6*v**4 + 0*v - 1/60*v**5 - v**2. Calculate d(5).
-5
Let i(v) = 7*v**2 + 4*v + 57*v**3 - 56*v**3 - 1 - v**2. Determine i(-5).
4
Let g(i) = i. Let f(w) = -2*w - 4*w + w + w. Let c(x) = f(x) + 3*g(x). What is c(-1)?
1
Let b(l) be the third derivative of -l**5/30 - l**4/6 + l**3/2 - 3*l**2. Suppose 2*n + 3*v + 6 = -n, 3*n = 4*v - 20. Give b(n).
-13
Suppose 2*d = 3 + 9. Let s(y) = y**2 - y - d*y**2 + 0*y. Determine s(1).
-6
Let j(i) = -3*i. Let q = 10 + -8. Give j(q).
-6
Let s(g) be the third derivative of g**8/6720 + g**7/420 - g**5/20 + g**4/12 + 3*g**2. Let y(r) be the second derivative of s(r). Give y(-6).
-6
Let g(z) = 7*z**3 - 4*z**2 + 8*z**3 - 13 + 8 - 14*z**3. Determine g(4).
-5
Let t(k) = -3 - k + 12*k - 10*k. Let v = 17 - 11. Determine t(v).
3
Let c(p) be the third derivative of -p**4/24 + 5*p**3/6 + 19*p**2. Determine c(-5).
10
Suppose q - 4 = -3*q. Suppose 3*d = 5*k + 2, 3*k - 4*d + 9 + q = 0. Let j(h) = 6 - h - k*h + 4*h. Determine j(-5).
1
Let s(m) be the first derivative of -3 - 1/4*m**4 + 7*m + 4*m**2 - 5/3*m**3. What is s(-6)?
-5
Let y(o) = o**2 + o - 7. Let p be (-1 + 1)*(-2)/2. What is y(p)?
-7
Let c be (6/(-2) + 6)*1. Let x(g) = -g**2 - 4*g + 1. Let s(k) = -2*k**2 - 5*k + 2. Let z(d) = c*x(d) - 2*s(d). Give z(2).
-1
Let o(v) = v**3 + 3*v**2 - 9*v + 11. Let j(q) = -1 + q - 3*q + 4*q - q. Let g(m) = 6*j(m) + o(m). Suppose -f = 3*f + 16. Determine g(f).
1
Let h(y) = -2 + 0*y - 1 + y - 2*y. Calculate h(5).
-8
Suppose -3*r = 2*r + 20. Let o = r - -6. Let p(w) = 4*w + 1. Determine p(o).
9
Let r(n) = n**3 - n**2 - 7*n + 5. Let x(a) = a - 1. Let v(y) = -r(y) - 6*x(y). Calculate v(2).
-1
Let o(m) = 2*m + 5. Let s(g) = -1. Let f(h) = h**2 - 5*h - 7. Let n be f(6). Let l(a) = n*o(a) - 2*s(a). Determine l(-5).
7
Let b(y) = y - 5*y - 4 + 6. Let q be (16/(-12))/((-2)/3). Give b(q).
-6
Let j be 0/(-1 + 4) + 1. Suppose 2*k - 2 = x, j = 3*x + 7. Let r(t) = -t**2 - t + k*t**2 + 2*t. Determine r(0).
0
Let r = -51 - -47. Let m(i) = i**2 + 4*i + 5. Determine m(r).
5
Suppose 2*f = -3*v + 4*v + 14, 4*v - 9 = -5*f. Let x(u) = u + 4. Give x(v).
0
Let q(v) = -4 - 2*v**2 - 3 + 2 + 3*v**2. Give q(0).
-5
Suppose i = 5*i. Suppose -4*l - 5*d - 7 = -i*d, -l + 4*d = -14. Let w(x) = -3*x + 27. Let f(n) = n - 11. Let v(b) = -12*f(b) - 5*w(b). What is v(l)?
3
Let a(j) = -j**2 + 8*j + 1. Let r(q) = 2*q**2 - 15*q - 1. Let g(c) = -5*a(c) - 3*r(c). Calculate g(3).
4
Let r(s) be the third derivative of -s**4/24 - s**3/3 + 9*s**2. Determine r(6).
-8
Let l(w) 